n 250 is divided by a.
3
Suppose -323 + 731 = 6*a. Calculate the remainder when 174 is divided by a.
38
Let g(a) = -9*a + 112. Let h be g(8). Suppose -73 = -4*r + 24*b - 23*b, -2*r + 4*b + h = 0. Calculate the remainder when 592 is divided by r.
16
Suppose 3*s = -4*n + 321, -4*n + 226 = 304*s - 302*s. Calculate the remainder when 1330 is divided by s.
0
Let t = -7662 + 11565. What is the remainder when t is divided by 62?
59
What is the remainder when -4*(23 + 9)*-1 is divided by 37?
17
Suppose 11 = 5*v + 81. Let z = -11 - v. Suppose 531 = z*l + 6*l. What is the remainder when l is divided by 6?
5
Suppose 0 = 6*w - 47 + 257. Calculate the remainder when (-2 + w/(-21))*-333 is divided by -2 + 6 - 2 - -54.
55
Suppose -3*m + 20 = m. Suppose 0 = m*s - 2*s - 222. Let z = 109 - 84. What is the remainder when s is divided by z?
24
Suppose -4*p + 4*z = -196, -4*z = -z + 9. Suppose 6 = 3*i - 30. Calculate the remainder when p is divided by i.
10
Let d(p) = 4*p**2 + 468*p + 1849. Calculate the remainder when 9142 is divided by d(-4).
40
Suppose 47*q - 4651 - 17367 - 6511 = 0. What is the remainder when q is divided by 200?
7
Suppose -4*y = 128 - 280 - 40. Calculate the remainder when 67 is divided by y.
19
Let l(n) = -7*n + 109. What is the remainder when l(-28) is divided by 24?
17
Let m be (-1)/3 - (-1)/(12/16). Let s(p) = 79*p + 3. Let y(w) = -39*w - 1. Let c(o) = -2*s(o) - 5*y(o). Calculate the remainder when 71 is divided by c(m).
35
Let k = -38 + 45. Let l = k - -9. Calculate the remainder when 62 is divided by 4 + -8 + 2 + (l - -3).
11
Let h = 300 + -300. Suppose 16 = 2*j + 2*m - 3*m, 3*m + 6 = h. What is the remainder when j is divided by 7?
0
Let y be 3/21 - 1/7. What is the remainder when 185 is divided by (-28)/(-3) + (y - 30/(-18))?
9
Let m(d) = -d**2 - 8*d - 4. Let n be m(0). What is the remainder when 166 is divided by (-7 - -5)*n - 4?
2
Suppose -52 = 5*j - 42, -4*l + 3*j = -302. What is the remainder when 368 is divided by (l - 0*6/36)/1?
72
Suppose -c + 3*n = 6, -4*c = -3*c - 5*n + 10. Suppose -2*i - 4*j = -92, 0*i - 222 = -5*i - 2*j. Calculate the remainder when i is divided by 5*(-3 - (c - 4)).
4
Let y = -130 - -141. Suppose 10*d = -y*d + 1071. Calculate the remainder when 99 is divided by d.
48
Let r = 95 + -46. Let p = r + -50. Let h(m) = -m**3 + m**2 + m. Calculate the remainder when 2 is divided by h(p).
0
Calculate the remainder when (0 + 0 + 1)/(26*7/271726) is divided by 25.
18
Let v = -338 + 377. Suppose -5*a - v = -q, -2*q - 7*a + 9*a = -38. Calculate the remainder when 278 is divided by q.
12
Let l(w) = 4*w + 2. Suppose 2*v + v = 105. Suppose 0 = -11*u + 4*u + v. Calculate the remainder when 42 is divided by l(u).
20
Let y(g) = 2*g**2 - 82*g - 623. Calculate the remainder when 2046 is divided by y(-7).
37
Let l = 19673 + -19493. Calculate the remainder when 1797 is divided by l.
177
Suppose -36 = -3*w - 3*v, -w + 32 = 12*v - 7*v. Suppose 0 = 13*h + w*h - 240. Calculate the remainder when 16 is divided by h.
4
Suppose 0 = -7*z + 12*z - 10. Suppose z*u = 10, -q - q + u = 45. Let v = 29 + q. What is the remainder when 43 is divided by v?
7
Suppose -262*i - 3 = -261*i. Let j(m) = -2*m**3 + 0*m - 3*m + 2*m + 7 - 5*m**2. Calculate the remainder when 72 is divided by j(i).
15
Let v = 8535 + -8141. Calculate the remainder when v is divided by 381.
13
Suppose -14*b + 69 = 9*b. Suppose -b*n + 7*n - 1559 = -p, -n + 3*p + 380 = 0. Calculate the remainder when n is divided by 49.
46
Let f = -319 - -557. Let r = f - 230. Let x = -77 - -130. What is the remainder when x is divided by r?
5
Let i = 234 - 236. Let z(j) = -2*j**3 - 3*j**2 - 9*j - 2. Calculate the remainder when 91 is divided by z(i).
11
Let v(g) = g**3 + 11*g**2 - 14*g + 22. Let i(m) = 10*m - 2. Let w be i(-1). Calculate the remainder when 273 is divided by v(w).
43
Suppose 2*l - 765 = -3*m, -52*m + 54*m - 2 = 0. What is the remainder when l is divided by 65?
56
Suppose 3*k - 189 - 45 = 3*h, 4*h = -4*k + 328. Let n(b) = 3*b - 3. Let x be n(2). Suppose -q - x*q = -k. What is the remainder when 78 is divided by q?
18
Suppose f - 43 = l - 3, 159 = 4*f - 3*l. Let q be (-146)/(-5) - 9/45. Let c = -18 + q. Calculate the remainder when f is divided by c.
6
Suppose 5*y = -4*b + 4138, 5*b + 2506 + 36 = 3*y. Suppose -3*o + r = 5*r - 102, -2*o = 2*r - 70. What is the remainder when y is divided by o?
36
Let s be (75/(-6) + 5)*-2. What is the remainder when 102 is divided by (-172)/(-20) + (-9)/s + 0?
6
Let y(g) = g**2 - 6*g - 397. What is the remainder when y(-20) is divided by 44?
35
Suppose 0 = -4*g - t + 105, 3*g + 2*t + 14 - 99 = 0. Let z = -93162 - -93310. What is the remainder when z is divided by g?
23
Let a(c) = 8*c + 8. Let m be a(-1). Let b(g) = -g**3 + 56*g - 29*g - g**2 - 26*g + m*g**2 + 17. Calculate the remainder when 67 is divided by b(0).
16
Let k(o) = 110*o + 244. Let c be k(-8). Let n = -410 - c. What is the remainder when n is divided by 46?
42
Let k(i) = 2*i**3 - 9*i**2 + 44*i - 277. Suppose -x = -3*s + 137, 2*s - 3*x - 102 = -5*x. Calculate the remainder when k(7) is divided by s.
41
Let k(l) = 1318*l - 3747. Calculate the remainder when 686 is divided by k(3).
65
Let f(v) = -6 - 7 - 10 + 6*v - 7*v. Let t be f(-7). What is the remainder when 71 is divided by ((-1)/(-2))/(t/(-768))?
23
Let g = -121956 + 122010. What is the remainder when g is divided by ((-14)/(-6))/((-1)/(-3))?
5
Let z(q) = 7*q**2 + 4*q**3 - 3*q**2 + 348 + 2*q - 357. What is the remainder when z(4) is divided by 10?
9
Suppose -4*b + 4 = 0, 3*n - 779 - 380 = -b. Calculate the remainder when 425 is divided by n.
39
Let j = -307 + 430. Calculate the remainder when 309 is divided by j.
63
Let s(u) = -u - 5. Let g(r) = r**2 + 27*r + 2. Let a be g(-27). Suppose -166 = -a*o - 198. Calculate the remainder when 64 is divided by s(o).
9
Let f(z) = 7*z**2 - 44*z + 10. Let x be f(7). Calculate the remainder when 9/x - 588/(-10) is divided by 12.
11
Let s(z) = 5*z**2 - 11*z - 8. Let t(h) = -h**3 + 30*h**2 - 32*h + 91. Let v be t(29). Calculate the remainder when 445 is divided by s(v).
25
Let i be (32/(-24))/((-4)/6). Suppose 5*f = 3*x + 118, -f + 6*f - 117 = i*x. Let c = 31 - -35. Calculate the remainder when c is divided by f.
20
Suppose 0 = -4*c, 2*c = 3*s + 6*c - 6. Calculate the remainder when 103 is divided by (-7 + s)*-1 + (21 - -1).
22
Suppose 2798 = 3*n + x, -5*n + 2395 + 2283 = -2*x. What is the remainder when n is divided by 11?
10
Let l(a) = -5*a - 72. Let d be l(-18). Calculate the remainder when 78 is divided by (1 - -4) + 4 + d.
24
Let x(p) = -5*p - 2. Let i be x(-2). Let q(t) = -t - 4. Let k be q(i). What is the remainder when 119 is divided by 6*(-12)/(-9)*k/(-8)?
11
Let i be 6*(-4 + 7/2). Suppose 4*d + 14*h - 19*h = 560, -3*d = 5*h - 455. What is the remainder when d is divided by (-1)/i*159 - 3?
45
Let y(i) = 26*i + 1. What is the remainder when (-50)/(-30)*-18*((-1344)/36)/7 is divided by y(1)?
25
Let d(r) = -2*r + 2*r - 6 - r. Suppose -m + 18 = 19, 5*m = 4*n + 47. Calculate the remainder when 31 is divided by d(n).
3
Let j(f) = -8*f + 89. Let m be j(-18). Let x = m + -219. What is the remainder when 40 is divided by x?
12
Suppose -3*u = 189*t - 184*t - 2301, -t - 4*u + 450 = 0. What is the remainder when t is divided by 16?
14
Let s = -656 - -951. Let l = s - 197. Calculate the remainder when l is divided by 34.
30
Let l = 8309 - -7144. Calculate the remainder when l is divided by 138.
135
Let r(w) = 193*w - 33. Calculate the remainder when r(5) is divided by 305.
17
Let q = 309 - 268. Suppose 2*j = 5*w - q, 0 = -3*j + 5*j + 6. Calculate the remainder when w is divided by 1.
0
Let s(f) = f**2 - f - 1. Let q(t) = t**3 + 8*t**2 - 33*t + 8. Let p(v) = -q(v) - 5*s(v). What is the remainder when p(-16) is divided by 23?
19
Suppose 0 = 4*x - 4*u - 112, 0 = 3*x + u - 74 - 14. Let z = 26 + -18. Calculate the remainder when x is divided by z.
5
Suppose -5 = -5*w + 10*w. Let r be ((-4)/12)/w*-249. Let l = 93 + r. What is the remainder when 47 is divided by l?
7
Let m(d) = -12*d - 46. Let t(b) = -b**3 - 9*b**2 + 9*b - 13. Let l be t(-10). Let n be 2/l - (-95)/(-15). Calculate the remainder when m(n) is divided by 22.
16
Let r = 508 - 304. Let w = r - 189. What is the remainder when 23 is divided by 